/84. What is the tens digit of (350 - n)*(-3)/(-3 + 0)?
5
Suppose 2*h = -456 + 4298. What is the tens digit of h?
2
Let l(x) = -x + 27. Let z be l(-13). Suppose 0 = 7*o - 1339 - z. What is the units digit of o?
7
Suppose -3*y + 19 = -2*g, -8 = -y - 3*g + 4*g. Suppose -4*h - 3*t = -1211, y*h + 2*t - 331 = 578. What is the units digit of h?
5
Suppose o - 24 = 4*o - 4*p, 4*o + 4*p + 4 = 0. What is the hundreds digit of (o/(-4 - 4)*-808)/(-1)?
4
Suppose -f - 809 = -5*v + 16106, -5*f - 10171 = -3*v. What is the hundreds digit of v?
3
Let q = -358 + -14. Let f = 682 + q. What is the units digit of f?
0
What is the thousands digit of 2552121/1989 + (-2)/17?
1
Let d(f) = -f**2 + 18*f - 24. Let j be d(16). Let l be (3/2)/((-2)/j). What is the units digit of -1 + -3 - l - 0/3?
2
What is the hundreds digit of 562/(-2 + (-6)/(-15) + 2)?
4
Suppose -2*d = 8, -c - c + 118 = d. Suppose -22 + c = 2*b + f, -3*b = 4*f - 61. Suppose 160 = 3*k + b. What is the tens digit of k?
4
Let l be (1 + 1650/(-24))*-46*2. Suppose -6*s - 2219 + l = 0. What is the tens digit of s?
6
Suppose -2*s + 5*c = 2*c + 2266, 2*s + 2268 = 4*c. Let y = s + 2584. What is the units digit of y?
4
Let v = 24520 - 14937. Suppose v = -38*t + 29381. What is the units digit of t?
1
Let k(o) = -o**3 + 18*o**2 + 35*o - 63. Let l be k(19). Suppose -2*m - 3*q - l = -847, -2 = -q. What is the hundreds digit of m?
3
Let h be 1/2 + (-54)/12 + 6. Suppose -m - 8*w + 5*w = -1026, -h*m + 2031 = -w. What is the tens digit of m?
1
Let u(n) = -21*n**2 - 6*n + 6. Let s be u(-6). Let b be s/(-10) - (-44)/(-110). Let q = 90 + b. What is the hundreds digit of q?
1
Let d(m) = 2*m**3 - 6*m**2 - 17*m - 6. Let s(u) = u**3 + u**2 - u. Let h(z) = d(z) - 3*s(z). Let a be h(-6). What is the tens digit of (-1593)/a - 2/20?
5
Let t(d) = 40*d - 164 + 65 - 61*d. What is the hundreds digit of t(-22)?
3
Suppose 38*v + 66160 = 40*v - m, 0 = 2*m + 16. What is the units digit of v?
6
Let o(m) = -3628*m - 339. What is the units digit of o(-5)?
1
Let f(m) = 10*m**3 - 47*m**2 + 29*m + 30. What is the hundreds digit of f(13)?
4
Let u = 6759 - 92. What is the tens digit of u?
6
What is the thousands digit of (-252)/(-378) - 62270/(-6)?
0
Suppose -20 = -y - 4*w, 0 = 3*y - 5*w + 2 + 6. Suppose y + 4 = 2*i. What is the units digit of 4/(i/105) + 2?
7
Let d be (0 - (2/(-4) - 1))*2. Let s(a) = -2*a + 10. Let b be s(d). Suppose b*v - 3*t = -92 + 353, -177 = -3*v - 4*t. What is the tens digit of v?
6
Let g = -39353 + 87682. What is the hundreds digit of g?
3
Let o = -199 + 2341. What is the units digit of o?
2
Let k be (12/(-24))/(69/24 - 3). Suppose p - 2239 = -k*x, -2*x + p + 1137 = -2*p. What is the units digit of x?
1
Suppose 0 = 104*m - 107*m - 87. What is the units digit of m/2*(11 - 13)?
9
Suppose 0 = 2*u - 5*a + 42, 0 = -5*u + 4*u + 4*a - 27. Let t = 54 + u. What is the tens digit of t?
4
Let o = 4361 + -1263. Suppose -11*m + 9555 = o. What is the hundreds digit of m?
5
Let f = 45582 + -15474. What is the thousands digit of f?
0
Suppose -144*p = -146*p + 4. What is the tens digit of -2 + p - 5176/(-4)*1?
9
Let m(f) = 2 + 5*f - 3*f**2 + 2*f**2 - 1. Suppose 27*n + 6 = 114. What is the units digit of m(n)?
5
Let n = 96 - 9. Let x = n - -359. What is the tens digit of x?
4
Let w(y) be the second derivative of 32*y**3 + 7*y**2 + 6*y - 1. What is the units digit of w(3)?
0
Suppose 24*k = 25*k - 4*m - 11378, k + m = 11383. What is the thousands digit of k?
1
Suppose 6*a - 209 = a - i, 0 = 3*a + 3*i - 135. Suppose 0 = -a*b + 14*b + 8370. What is the tens digit of b?
1
Suppose 0 = -14*p + 7853 + 11826 + 1895. What is the tens digit of p?
4
Let a = 39512 + -12973. What is the hundreds digit of a?
5
What is the units digit of (-8)/20 + (3508340/50)/2?
3
Let r(s) = 3*s**3 + 9*s**2 - 6*s - 57. What is the hundreds digit of r(10)?
7
Let g(w) = 105*w + 4313. What is the tens digit of g(21)?
1
Let j = 364 + -357. Suppose -4*t = 2*b - 12, -6*t + 5*b = -j*t + 3. What is the units digit of t?
3
Let z(l) = -l**3 + 2*l**2 - 3*l + 2. Let w be (-1 - (-6)/8)/((-33)/132). Let u be z(w). Suppose u = -6*n + 283 + 161. What is the units digit of n?
4
Let m(x) = 167*x + 27. Let l(y) = -168*y - 29. Let b(g) = 6*l(g) + 7*m(g). What is the tens digit of b(2)?
3
Let y(r) = 583*r**3 - 12*r**2 + 16*r - 64. What is the hundreds digit of y(5)?
5
Let x(f) = -f**3 + 17*f**2 - 18*f + 26. Let m be x(16). Let z be (-3 - 0) + -86*15/m. Suppose 4*y - z = 2*y. What is the units digit of y?
6
Let n be 2/((0 + (-3 - -2))/(-1)). Suppose 0 = 5*k - 5, q + 0*k - 4 = -4*k. Suppose q = 2*y + 5*z - 579, -n*y = 3*y + 5*z - 1410. What is the tens digit of y?
7
Let p(m) = -157*m. Suppose 0 = 104*a - 108*a - 8. What is the units digit of p(a)?
4
Let p be 2 - (4 - -63) - -1. Let h be 1/(-2)*(1 - -1). What is the tens digit of (-4)/((-60)/p + h)?
6
Suppose 9*z = 13*z + 2*y - 180730, z - 4*y = 45187. What is the ten thousands digit of z?
4
Let j(z) = z**2 - 7*z + 4. Let b be j(7). Let i be b/(-2) - (-3 + 2)*29. Let w = 23 + i. What is the tens digit of w?
5
Let x = -378 + 591. Let i = x + 264. What is the hundreds digit of i?
4
Let i be (-3)/(6/(-21) - 745/(-2975)). Let q = i + -73. What is the hundreds digit of q/20 + (-2128)/(-20)?
1
Let z(s) = 2*s**3 - 10*s**2 - 1. Let r be z(-4). Let k be (-3)/9*r + 4/(-12). Suppose 0 = -u + l + k + 32, 0 = -4*u - 2*l + 482. What is the tens digit of u?
2
Suppose i - 6804 = 5*g, 5*i - 104*g = -108*g + 33962. What is the hundreds digit of i?
7
Suppose 0 = -7*k + 2*k - m, -2*k = -2*m. Suppose k*v = -3*v + 15, 0 = -3*s + v + 3679. What is the thousands digit of s?
1
Suppose 2*z - 22 = 5*p - 4*p, 3*z - 3*p = 33. Suppose 0 = -8*j + z*j - 2964. What is the units digit of j?
8
Let j(i) = 293*i**2 + 13*i + 27. Let w(r) = 878*r**2 + 40*r + 77. Let y(t) = -8*j(t) + 3*w(t). What is the units digit of y(-1)?
9
Let f be (15 - (-3)/1)*3/3. Let b = 32 - f. What is the hundreds digit of ((-2)/(-14) - 9/b)*-210?
1
Suppose h + 4*b = 2845, -8*b + 13*b - 14255 = -5*h. What is the thousands digit of h?
2
Suppose 5*n - 5*j = 35, -3*n + 18 - 5 = j. Suppose n*d - 4 - 21 = 0. Suppose -254 = -3*z - 4*p, z - d*p - 43 = 48. What is the tens digit of z?
8
Let t be ((-18)/(-12))/((-12)/8 - -3). Suppose 4*o - 10 = 5*a, 0*a - 2*o + 16 = 3*a. What is the units digit of 6*(a - t)*(23 - 5)?
8
Let q be 62/((-11 + -4)/45). Let f = -12 - 73. Let v = f - q. What is the units digit of v?
1
Let v(g) = g**3 - 37*g**2 + 2*g - 44. Let t be v(37). What is the tens digit of (-9)/(-15) + 11112/t?
7
What is the thousands digit of (-45)/(-75) - 29882/(-5)?
5
Let v = 146622 - 103725. What is the hundreds digit of v?
8
Let g be 8*(8 + -2)*3/(-6). Let q be 528/g*(-34)/(-4). Let h = 445 + q. What is the hundreds digit of h?
2
Suppose 9*p - 5*p = 0. Suppose 4*i + 144 = -m, p*i + 4 = -4*i. Let d = m + 239. What is the units digit of d?
9
Suppose 0 = 34*h - 38*h + 48. What is the units digit of 505/(4 - 42/h)?
0
Suppose 0 = 7*w - 1103 - 766. Suppose -l + 305 + w = y, -3*l - 2876 = -5*y. What is the tens digit of y?
7
Let o be (4/(-12))/((-6)/90). Suppose -o*r + b - 1537 = -8*r, 2*r - 1013 = -3*b. What is the tens digit of r?
1
Let g(f) be the second derivative of 0 - 1/3*f**4 + 1/20*f**5 - 1/3*f**3 + 3*f**2 - 23*f. What is the tens digit of g(5)?
2
Let j be (8/5)/(6*9/540). Suppose 0 = 2*t - j - 714. What is the hundreds digit of t?
3
Suppose 4*f - 20164 - 12614 = -3*d, -4*d = -4*f + 32736. What is the thousands digit of f?
8
Let b be (-1698)/(-4)*36/(-54). Let j = b - -980. Let p = j + -418. What is the hundreds digit of p?
2
What is the thousands digit of (-8336)/(-6)*24/156*39?
8
Suppose -h = -5*t - 2*h + 103, 89 = 4*t + 3*h. Suppose t = -7*g + 11*g. Suppose -3*n - 2*n + 180 = -5*k, 0 = n + g*k - 24. What is the tens digit of n?
3
Suppose 0 = 154*x - 149*x - 1130. Suppose q - x = 12. What is the units digit of q?
8
Suppose -53*f - 46*f = 45*f - 2937024. What is the hundreds digit of f?
3
Suppose 1756 = 4*x - 3*d - 2744, -2*x + 2250 = d. Let v = -770 + x. What is the tens digit of v?
5
Let d(y) = 4*y - 46. Let o be d(14). Let c(x) = -9*x + 17*x + 16*x - 15 - x**2. What is the hundreds digit of c(o)?
1
Let q = 34 - 44. Let b be (24/q)/(3/(-10)). Suppose 4*z = b + 4, -2*w + 2*z = -246. What is the hundreds 